of 48 and v.
12
Let l = -256 + 234. Let m be 9300/550 - 2/l. Let n be ((-4)/(-2) + -138)*-1. Calculate the greatest common factor of m and n.
17
Let m = 69 + -9. Let z(f) = -5*f - 21. Let x(b) = -b + 1. Let s(a) = -2*x(a) - z(a). Let n be s(3). Calculate the greatest common factor of n and m.
20
Suppose 0 = -4*o - 6*y + 3*y + 777, -3*o - 4*y + 588 = 0. Let b = o - 157. What is the highest common divisor of b and 280?
35
Let r be 46/(0 - (-4)/(-16)) + 4. Let j = -177 - r. What is the highest common divisor of 27 and j?
3
Let h = 11482 - 10020. Calculate the greatest common factor of h and 129.
43
Let f = 125 - 227. Let r = f - 17. Let y = -116 - r. What is the greatest common divisor of 30 and y?
3
Let g be ((-4)/(-11))/2 + (-47058)/(-726). Suppose -57*u = -g*u + 360. What is the highest common divisor of u and 360?
45
Let y = -8431 + 8446. What is the greatest common divisor of 82 and y?
1
Suppose -120 + 420 = 5*h. Let f = 8981 - 8681. Calculate the greatest common factor of f and h.
60
Suppose -147*c + 5835 = -7395. What is the greatest common factor of c and 24615?
45
Let h(q) = -q**2 + 43*q - 100. Let m be h(39). Calculate the highest common factor of 1408 and m.
8
Suppose -18*x = -20*x + 24. Let c be 12/24 - 3079/(-2). Suppose 16*t - c = x*t. Calculate the highest common divisor of 35 and t.
35
Let b(o) = -o**3 - 14*o**2 + 83*o + 818. Let q be b(-16). Calculate the greatest common factor of 5868 and q.
2
Let o(x) = 97*x**2 - 496*x + 61. Let h be o(11). What is the greatest common factor of 21 and h?
21
Let m be (-9)/(-3) - 3 - 10*-1. Suppose -101 = -11*x + m*x. Let a = -64 + x. Calculate the greatest common factor of a and 74.
37
Suppose 277*s = 53*s + 308672. What is the highest common divisor of 1166 and s?
106
Let n(q) = -2*q**2 - 76*q + 424. Let b be n(-36). Calculate the highest common factor of 56 and b.
8
Let h(w) = 55*w**2 - 1. Let q be h(-1). Suppose -19*y + 15*y + 286 = 2*m, 5*m = 3*y + 663. Calculate the highest common factor of m and q.
27
Let k(c) = -c + 61*c**2 + 7*c - 62*c**2 + 17. Let g be k(7). What is the greatest common divisor of 270 and g?
10
Suppose 39016 = 5*b - 5*x - 51619, 3*b - 4*x - 54380 = 0. What is the highest common factor of b and 8?
8
Let l be (-54)/675 - 3973/25. Let w = l + 187. Calculate the highest common factor of 14 and w.
14
Let g(h) = 13*h + 10. Let t be g(14). Suppose -1748*f + 1849*f = 6060. What is the greatest common divisor of t and f?
12
Let s(r) = r**2 - 8*r + 3. Let y be s(3). Let p be -1*62 - (y/3 - -7). Let t = p - -69. Calculate the highest common divisor of 12 and t.
4
Let y(p) be the third derivative of 0 + 1/60*p**5 + p**3 - 1/4*p**4 + 0*p - 25*p**2. Let z be y(5). What is the greatest common divisor of z and 3?
1
Let i be ((-221)/(-91))/(9/126). Suppose 0*z = -z + 442. What is the greatest common factor of z and i?
34
Let f be (2/3)/(3/18). Suppose 0*q + f*q - 140 = 0. Suppose 0 = -4*k - 4*s + 4, -2*k + 6 = -25*s + 26*s. Calculate the greatest common factor of k and q.
5
Suppose 2*a + a + u = -19, 0 = 2*u + 2. Let r be (-456)/(-96) + 3/(-4). Let k be (-9)/a*(4 + r). What is the highest common divisor of 3 and k?
3
Let r(x) = x**2 + 10*x - 1. Let l be r(-12). Suppose -2*p = -2*w + 112, -5*w - 3*p + 250 = 2*p. Let i = 122 - w. What is the greatest common factor of i and l?
23
Let v(f) = 13*f - 62. Suppose -3*w + 7 = -5*g + 5, -4*w - 4*g + 56 = 0. Let d be v(w). Calculate the greatest common divisor of d and 20.
5
Suppose -237 = 2*g - 5*k - 649, 4*g - 880 = -4*k. Calculate the greatest common factor of 8856 and g.
216
Let h(u) = -u**3 + 105. Let z be h(0). Let y be 4 + ((-4180)/(-5)*1 - 3). Suppose y*k + 126 = 843*k. What is the greatest common factor of k and z?
21
Let m(l) = -539*l - 7. Let f be m(-1). What is the greatest common factor of f and 2356?
76
Let k(o) = -1 - o**3 - 3*o**2 + 0 + 4*o**2. Let j be k(-2). Suppose b + 3*d + d - 107 = 0, 3*d + 5 - 11 = 0. Calculate the greatest common divisor of j and b.
11
Suppose 0 = 6*v - 928 + 346. Let a = v + -61. Let q = -7 + 16. Calculate the greatest common factor of q and a.
9
Suppose -324 = -j - 4*d - 245, 0 = -4*j + 9*d - 9. Let u(v) = -v**2 + v + 189. Let h be u(0). Calculate the greatest common factor of j and h.
27
Let x be ((-2)/3)/((-59)/177). Let g = -4 - -17. What is the greatest common factor of x and g?
1
Let r be 0 + 1*-2*-39. Let i(t) = -352*t + 9908. Let p be i(28). What is the highest common factor of r and p?
26
Let z(l) be the first derivative of -21*l**2 - 85*l - 194. Let d be z(-29). Calculate the greatest common divisor of d and 11.
11
Let j = -1909 - -1985. Calculate the greatest common factor of j and 1444.
76
Suppose 0 = 2*s + o - 1, 0 = -0*s - s + 2*o + 8. Suppose 11 = -3*k + 35. Suppose 4*w + k = 0, c - 3*w = -c + 34. What is the greatest common divisor of s and c?
2
Suppose -h - 6 = 2*h + 3*d, 5*h + 2*d - 5 = 0. Suppose u + h*u - 120 = 0. Let a be (-18)/24*(2*-5 + 2). Calculate the greatest common divisor of u and a.
6
Suppose 5*z = -4*k + 8*z - 741, -5*k - 5*z - 970 = 0. Let p = k + 230. Calculate the highest common factor of p and 205.
41
Let x = -18749 - -18772. What is the greatest common divisor of 29969 and x?
23
Let p be 1/(2*(-2)/(-204)). Let n = 2715 + -2673. Let d = p - n. What is the highest common factor of d and 1?
1
Suppose 0 = 5*p + 5. Suppose -85*j - 22 = -82*j - 2*v, -37 = 6*j - 5*v. Let g be p - (-52)/j*-3. Calculate the greatest common divisor of g and 8.
4
Let b = -2003 + 2108. Calculate the greatest common factor of 405 and b.
15
Suppose 518 = -31*m + 2099. Let x = m + -29. What is the greatest common factor of x and 33?
11
Suppose -2*c + 4441 = t, 6*t - 4*t = 5*c + 8828. What is the highest common divisor of 43 and t?
43
Let o = -571 + 543. Let b be (64/o)/((-5)/140). Calculate the highest common divisor of 96 and b.
32
Let i be (-28)/(-406) - 2517/(-87). Let s(n) = 172*n. Let p be s(1). Suppose 520 - p = 3*g. What is the greatest common factor of g and i?
29
Let z = -111607 + 111613. Let f(i) = -3*i. Let n = -6 + 4. Let v be f(n). What is the greatest common factor of v and z?
6
Suppose 2*r + v = 1367, -132 - 1908 = -3*r - 5*v. Suppose r + 239 = 14*t. What is the highest common factor of 165 and t?
33
Suppose -9*o = -5*y - 12*o - 5028, 4*y + 4019 = o. Let w = 1018 + y. Let t be -2*-2*(-2)/(-8). What is the highest common factor of t and w?
1
Let j = -3892 - -3902. What is the highest common factor of j and 40?
10
Let d(c) = c**2 - 30*c. Let s be d(30). Suppose s = -7*n + 982 - 247. Let u be (8 + -1)*(3 + 0). What is the greatest common divisor of n and u?
21
Let z = -23 - -37. Let g be 1/((-5)/2) + (-572)/(-130). What is the highest common factor of z and g?
2
Suppose 0*p = -2*p + 4. Suppose 10 = p*t - t. Suppose -64*i + 4150 = 19*i. Calculate the greatest common factor of t and i.
10
Suppose -2*s + 96 = 10*s. Let i = -34 - 7. Let u = 43 + i. What is the highest common factor of u and s?
2
Let v = 21138 - 20970. What is the greatest common divisor of v and 8652?
84
Suppose 0 = -292*t + 3170 + 17854. What is the highest common divisor of t and 306?
18
Let s(m) = 7*m - 2. Let b be s(6). Let a = 987 + -987. Suppose 117*h - 111*h - 30 = a. What is the greatest common divisor of b and h?
5
Suppose -43*x + 2331 = 310. What is the greatest common factor of x and 5?
1
Let z(d) = -d + 17. Suppose 5*r = 18 + 47. Let x be z(r). Suppose 0 = x*p - 8*p + 16. What is the greatest common factor of 28 and p?
4
Let g(y) = 2*y + 5 + y - y + y**2. Suppose 11*q = -347 + 347. Let x be g(q). Calculate the greatest common divisor of x and 5.
5
Suppose n + 2*l = 4*n - 15, -4*n + 4*l + 24 = 0. Suppose 10*i + 16*i = 208. Let x be ((-90)/(-60))/(3/i). What is the highest common divisor of n and x?
1
Let f(s) = 82*s + 2199. Let w be f(6). Calculate the highest common divisor of 27 and w.
9
Suppose -685 = 7*s + 302. Let d = 141 + s. Suppose 4*q + d*q = 4*c + 1584, -5*c = 0. What is the highest common factor of q and 36?
36
Let b be 352 - 0*3/(-18)*-2. Calculate the highest common divisor of b and 176.
176
Suppose 2*i - o = 134, 4*i - 8 = -3*o + 230. Calculate the highest common factor of 4672 and i.
64
Suppose 3*s = -4*d - 8 + 15, -2*d + 1 = s. Let n be (70/5)/d*(-2 + -36). Calculate the greatest common factor of 